 is the remainder when 220071 is divided by 623?
152
What is the remainder when 2368042 is divided by 12?
10
Calculate the remainder when 9411549 is divided by 202.
167
Calculate the remainder when 149500603 is divided by 49833529.
16
Calculate the remainder when 1415286 is divided by 698.
440
What is the remainder when 452806 is divided by 30?
16
Calculate the remainder when 50645 is divided by 504.
245
What is the remainder when 183275 is divided by 276?
11
Calculate the remainder when 54648 is divided by 1089.
198
What is the remainder when 187232 is divided by 46249?
2236
What is the remainder when 7839042 is divided by 433?
10
Calculate the remainder when 13842348 is divided by 9.
6
Calculate the remainder when 96740 is divided by 815.
570
What is the remainder when 45644194 is divided by 518684?
2
What is the remainder when 13405422 is divided by 4016?
14
Calculate the remainder when 168465 is divided by 4425.
315
Calculate the remainder when 29335 is divided by 9665.
340
Calculate the remainder when 30151193 is divided by 2931.
2927
Calculate the remainder when 3213318 is divided by 28435.
163
Calculate the remainder when 286668 is divided by 57328.
28
What is the remainder when 58255 is divided by 11111?
2700
What is the remainder when 65981225 is divided by 225?
200
What is the remainder when 170905 is divided by 1304?
81
What is the remainder when 87941 is divided by 7313?
185
Calculate the remainder when 7991929 is divided by 7991915.
14
Calculate the remainder when 292168 is divided by 36508.
104
Calculate the remainder when 47296 is divided by 15322.
1330
What is the remainder when 255056 is divided by 541?
245
What is the remainder when 12555034 is divided by 2502?
2500
Calculate the remainder when 1761686 is divided by 76.
6
What is the remainder when 107306483 is divided by 7227?
7214
What is the remainder when 18092 is divided by 2188?
588
What is the remainder when 22325407 is divided by 1717339?
0
Calculate the remainder when 13346850 is divided by 32874.
6
What is the remainder when 261268 is divided by 261264?
4
What is the remainder when 66844 is divided by 415?
29
Calculate the remainder when 406113 is divided by 202969.
175
What is the remainder when 250259 is divided by 172?
171
Calculate the remainder when 128776 is divided by 104.
24
What is the remainder when 99797999 is divided by 3078?
5
What is the remainder when 182469798 is divided by 1509?
9
Calculate the remainder when 7191569 is divided by 3120.
3089
What is the remainder when 7311906 is divided by 2047?
22
Calculate the remainder when 13903752 is divided by 397250.
2
What is the remainder when 903127 is divided by 129002?
113
What is the remainder when 15528195 is divided by 1077?
9
Calculate the remainder when 68780 is divided by 13742.
70
What is the remainder when 1803416 is divided by 180?
176
Calculate the remainder when 255118 is divided by 63240.
2158
Calculate the remainder when 52637190 is divided by 13159275.
90
Calculate the remainder when 5483135 is divided by 31.
10
Calculate the remainder when 12581 is divided by 1319.
710
Calculate the remainder when 315212 is divided by 2694.
14
What is the remainder when 499843559 is divided by 13?
7
Calculate the remainder when 6827489 is divided by 155167.
141
What is the remainder when 49906271 is divided by 1928?
1919
Calculate the remainder when 4626195 is divided by 289135.
35
What is the remainder when 658131 is divided by 11745?
411
What is the remainder when 153381886 is divided by 792?
790
Calculate the remainder when 32008 is divided by 5291.
262
Calculate the remainder when 760065 is divided by 507.
72
What is the remainder when 541747 is divided by 3564?
19
What is the remainder when 261084 is divided by 14495?
174
Calculate the remainder when 4269599 is divided by 15.
14
What is the remainder when 10804946 is divided by 3694?
3690
Calculate the remainder when 319762 is divided by 581.
212
What is the remainder when 434464 is divided by 29?
15
Calculate the remainder when 251420 is divided by 1098.
1076
What is the remainder when 505544 is divided by 5810?
74
What is the remainder when 23950769 is divided by 3553?
3549
Calculate the remainder when 46281558 is divided by 217.
15
Calculate the remainder when 6005289 is divided by 22.
15
Calculate the remainder when 6285831 is divided by 411.
408
Calculate the remainder when 1201830 is divided by 139.
36
Calculate the remainder when 1529170 is divided by 12848.
258
What is the remainder when 18602 is divided by 2581?
535
What is the remainder when 2306164 is divided by 38436?
4
What is the remainder when 26343951 is divided by 55?
51
Calculate the remainder when 123989 is divided by 123874.
115
What is the remainder when 6922 is divided by 741?
253
Calculate the remainder when 1140315 is divided by 67077.
6
What is the remainder when 500949 is divided by 17259?
438
Calculate the remainder when 84134 is divided by 4427.
21
Calculate the remainder when 1425115 is divided by 29083.
48
What is the remainder when 16365311 is divided by 929?
47
What is the remainder when 46172 is divided by 152?
116
What is the remainder when 40627843 is divided by 10156945?
63
Calculate the remainder when 1775590 is divided by 575.
565
Calculate the remainder when 2895030 is divided by 164.
102
Calculate the remainder when 60150 is divided by 3947.
945
What is the remainder when 52596109 is divided by 758?
5
Calculate the remainder when 51754217 is divided by 57.
41
What is the remainder when 2476396 is divided by 19?
12
Calculate the remainder when 25097495 is divided by 1827.
1823
What is the remainder when 6393741 is divided by 48?
45
What is the remainder when 145346 is divided by 2094?
860
Calculate the remainder when 359796 is divided by 179856.
84
Calculate the remainder when 3777776 is divided by 2370.
2366
Calculate the remainder when 4033380 is divided by 1928.
4
What is the remainder when 4669677 is divided by 9491?
105
Calculate the remainder when 5788611 is divided by 191.
165
Calculate the remainder when 62487 is divided by 15373.
995
What is the remainder when 1770622 is divided by 535?
307
What is the remainder when 3731522 is divided by 248767?
17
What is the remainder when 286111 is divided by 187?
1
What is the remainder when 12182348 is divided by 39?
35
Calculate the remainder when 1637706 is divided by 15650.
10106
Calculate the remainder when 2235605 is divided by 742.
701
What is the remainder when 26535008 is divided by 335886?
14
What is the remainder when 6451479 is divided by 27107?
13
Calculate the remainder when 3840759 is divided by 72.
63
Calculate the remainder when 380451 is divided by 75563.
2636
Calculate the remainder when 3108738 is divided by 388573.
154
What is the remainder when 21174 is divided by 1948?
1694
What is the remainder when 115244029 is divided by 3717549?
10
What is the remainder when 4296057 is divided by 1044?
1041
What is the remainder when 8970906 is divided by 26385?
6
What is the remainder when 2806434 is divided by 215845?
449
Calculate the remainder when 47644 is divided by 101.
73
Calculate the remainder when 639870 is divided by 128.
126
Calculate the remainder when 810195 is divided by 707.
680
What is the remainder when 70609 is divided by 2097?
1408
What is the remainder when 580696 is divided by 16576?
536
What is the remainder when 8113186 is divided by 1107?
1090
What is the remainder when 7353408 is divided by 652?
152
What is the remainder when 130336 is divided by 4821?
169
Calculate the remainder when 184871 is divided by 1622.
1585
Calculate the remainder when 10797 is divided by 2137.
112
What is the remainder when 1163467 is divided by 68438?
21
What is the remainder when 35898 is divided by 386?
0
What is the remainder when 540907 is divided by 11738?
959
What is the remainder when 38739864 is divided by 70693?
100
Calculate the remainder when 126850074 is divided by 227738.
8
What is the remainder when 824379 is divided by 86?
69
What is the remainder when 4719678 is divided by 2359817?
44
Calculate the remainder when 80718 is divided by 1023.
924
Calculate the remainder when 5114693 is divided by 26.
25
What is the remainder when 33201947 is divided by 16?
11
Calculate the remainder wh